{"id":202,"date":"2022-05-27T12:01:42","date_gmt":"2022-05-27T10:01:42","guid":{"rendered":"http:\/\/patriciaschwarzkopf.de\/wordpress\/?page_id=202"},"modified":"2023-05-06T08:13:12","modified_gmt":"2023-05-06T06:13:12","slug":"dyaden","status":"publish","type":"page","link":"http:\/\/patriciaschwarzkopf.de\/wordpress\/dyaden\/","title":{"rendered":"Dyaden &#8211; Meditationsgespr\u00e4che"},"content":{"rendered":"<p>[et_pb_section fb_built=&#8220;1&#8243; admin_label=&#8220;section&#8220; _builder_version=&#8220;4.17.4&#8243; global_colors_info=&#8220;{}&#8220;][et_pb_row _builder_version=&#8220;4.17.4&#8243; _module_preset=&#8220;default&#8220; global_colors_info=&#8220;{}&#8220;][et_pb_column type=&#8220;4_4&#8243; _builder_version=&#8220;4.17.4&#8243; _module_preset=&#8220;default&#8220; global_colors_info=&#8220;{}&#8220;][et_pb_image src=&#8220;http:\/\/patriciaschwarzkopf.de\/wordpress\/wp-content\/uploads\/2022\/06\/dyaden_header_2022.jpg&#8220; title_text=&#8220;dyaden_header_2022&#8243; _builder_version=&#8220;4.17.4&#8243; _module_preset=&#8220;default&#8220; custom_margin=&#8220;-81px|||||&#8220; global_colors_info=&#8220;{}&#8220;][\/et_pb_image][et_pb_text _builder_version=&#8220;4.17.4&#8243; _module_preset=&#8220;default&#8220; min_height=&#8220;632.6px&#8220; custom_margin=&#8220;41px|||||&#8220; custom_padding=&#8220;2px|||||&#8220; global_colors_info=&#8220;{}&#8220;]<\/p>\n<h3 style=\"text-align: left;\"><strong><span style=\"color: #000000;\">Dyaden &#8211; Meditationsgespr\u00e4che<\/span><\/strong><\/h3>\n<h4><em><span style=\"color: #000000;\">inspiriert nach Forschung von Tania Singer<\/span><\/em><\/h4>\n<h3 style=\"text-align: left;\"><span style=\"color: #99ccff;\"><\/span><\/h3>\n<p><span style=\"color: #99ccff;\"><\/span><\/p>\n<h3 style=\"text-align: left;\"><span style=\"color: #99ccff;\"><\/span><em>Selbsterkundung mit Begleitung<\/em><\/h3>\n<p>&nbsp;<\/p>\n<p>Dyaden sind eine Form der Achtsamkeitspraxis zu zweit, bei der u.a. empathisches Zuh\u00f6ren, K\u00f6rperwahrnehmung, Steuerung und Halten der Aufmerksamkeit sowie die Reduktion von sozialen \u00c4ngsten trainiert wird.<\/p>\n<p>Die dyadischen \u00dcbungen schulen den direkten, allt\u00e4glichen Umgang mit anderen. Die Teilnehmer*Innen lernen, sich im Verh\u00e4ltnis zu anderen zu reflektieren.<\/p>\n<p>Die Empfindungen im K\u00f6rper wahrzunehmen und auf sie zu achten trainiert das Gewahrsein f\u00fcr K\u00f6rperempfindungen.<\/p>\n<p>Zudem entwickelt sich ein Gef\u00fchl von N\u00e4he und Zusammengeh\u00f6rigkeit. Dadurch, dass die Partner*Innen jede Woche wechseln entwickelt sich eine geteilte Menschlichkeit. Die Teilnehmer*Innen f\u00fchlen sich nach einiger Zeit den Menschen verbundener. Die Struktur ist festgelegt.<\/p>\n<p>Die Meditationsform besteht in einer sogenannten Dyade. Eine Person beschreibt, wie sie ein Erlebnis emotional und vor allem k\u00f6rperlich empfunden hat. Die andere begleitet durch ihre Pr\u00e4senz, ohne etwas von sich hinzuzuf\u00fcgen, einfach indem sie da ist. Nach ca. f\u00fcnf Minuten tauschen beide ihre Rollen.<\/p>\n<p><strong>Rahmenbedingungen:<\/strong><\/p>\n<ul>\n<li>2 \u00d7 2,5 Stunden Einf\u00fchrung<\/li>\n<li>5 x 1,5 Std. w\u00f6chentliches Online-Treffen mit der ganzen Gruppe, in denen die \u00dcbungen weiter vertieft werden<\/li>\n<li>1 x 2 Stunden abschlie\u00dfendes Online-Treffen<\/li>\n<li>T\u00e4gliches \u00dcben in 2-er Gruppen, 15 Minuten<\/li>\n<li>W\u00f6chentliches wechseln der Dyadenpartner*Innen.<\/li>\n<\/ul>\n<p><strong>Folgende Ziele k\u00f6nnen damit erreicht werden:<\/strong><\/p>\n<ul><\/ul>\n<ul>\n<li>Die Empfindungen im K\u00f6rper wahrnehmen<\/li>\n<li>Wege aus der F\u00fcrsorgem\u00fcdigkeit<\/li>\n<li>Einf\u00fchrung in die Psychologie der Motivation<\/li>\n<li>Training von sozialen F\u00e4higkeiten wie Empathie und Mitgef\u00fchl<\/li>\n<li>Tieferes Verst\u00e4ndnis von sich selbst und anderen<\/li>\n<li>Umgang mit dem inneren Kritiker<\/li>\n<li>Kultivierung von (Selbst)Mitgef\u00fchl<\/li>\n<li>Bew\u00e4ltigung von Stress und schwierigen Emotionen<\/li>\n<li>Aufbau von Resilienz und der \u00dcberwindung von empathischem Stress<\/li>\n<li>St\u00e4rkung von Dankbarkeit<\/li>\n<\/ul>\n<p>[\/et_pb_text][et_pb_text disabled_on=&#8220;on|on|on&#8220; _builder_version=&#8220;4.17.4&#8243; _module_preset=&#8220;default&#8220; background_enable_color=&#8220;off&#8220; background_image=&#8220;http:\/\/patriciaschwarzkopf.de\/wordpress\/wp-content\/uploads\/2023\/01\/dyaden-profile.png&#8220; background_size=&#8220;contain&#8220; custom_margin=&#8220;||61px|||&#8220; disabled=&#8220;on&#8220; global_colors_info=&#8220;{}&#8220;]<\/p>\n<h3 style=\"text-align: center;\"><span style=\"color: #000000;\"><a href=\"http:\/\/patriciaschwarzkopf.de\/wordpress\/dyaden\/\" style=\"color: #000000;\"><strong><em>Aktueller Kurs April &#8211; Juni 2023<\/em><\/strong><\/a><\/span><\/h3>\n<h3 style=\"text-align: center;\"><span style=\"color: #000000;\"><a href=\"http:\/\/patriciaschwarzkopf.de\/wordpress\/dyaden\/\" style=\"color: #000000;\">Termine:<\/a><\/span><\/h3>\n<p style=\"text-align: center;\"><span style=\"color: #000000;\"><a href=\"http:\/\/patriciaschwarzkopf.de\/wordpress\/dyaden\/\" style=\"color: #000000;\"><strong>Einf\u00fchrung<\/strong><\/a><\/span><br \/><span style=\"color: #000000;\"><a href=\"http:\/\/patriciaschwarzkopf.de\/wordpress\/dyaden\/\" style=\"color: #000000;\">Freitag 21.04.23, 18-20:30 Uhr<\/a><\/span><br \/><span style=\"color: #000000;\"><a href=\"http:\/\/patriciaschwarzkopf.de\/wordpress\/dyaden\/\" style=\"color: #000000;\">Samstag 22.04:23, 18-20:30 Uhr<\/a><\/span><br \/><span style=\"color: #000000;\"><a href=\"http:\/\/patriciaschwarzkopf.de\/wordpress\/dyaden\/\" style=\"color: #000000;\"><strong>W\u00f6chentliche Online-Treffen<\/strong><\/a><\/span><br \/><span style=\"color: #000000;\"><a href=\"http:\/\/patriciaschwarzkopf.de\/wordpress\/dyaden\/\" style=\"color: #000000;\">Sonntags 18-19:30<\/a><\/span><br \/><span style=\"color: #000000;\"><a href=\"http:\/\/patriciaschwarzkopf.de\/wordpress\/dyaden\/\" style=\"color: #000000;\">30.04.23, 07.05.23, 14.05..23, 21.05.23, 04.06.23<\/a><\/span><br \/><span style=\"color: #000000;\"><a href=\"http:\/\/patriciaschwarzkopf.de\/wordpress\/dyaden\/\" style=\"color: #000000;\"><strong>Abschlie\u00dfendes Online-Treffen<\/strong><\/a><\/span><br \/><span style=\"color: #000000;\"><a href=\"http:\/\/patriciaschwarzkopf.de\/wordpress\/dyaden\/\" style=\"color: #000000;\">11.06.23, 18-20 Uhr<\/a><\/span><\/p>\n<p style=\"text-align: center;\"><strong>Anmeldung:<\/strong> <a href=\"mailto:mail@patriciaschwarzkopf.de\"><em>mail@patriciaschwarzkopf.de<\/em><\/a><\/p>\n<p>[\/et_pb_text][et_pb_image src=&#8220;http:\/\/patriciaschwarzkopf.de\/wordpress\/wp-content\/uploads\/2023\/01\/Dyadenflyer_thumb.jpg&#8220; title_text=&#8220;Dyadenflyer_thumb&#8220; url=&#8220;http:\/\/patriciaschwarzkopf.de\/wordpress\/wp-content\/uploads\/2023\/01\/Dyadenflyer_2023-1.pdf&#8220; align=&#8220;center&#8220; disabled_on=&#8220;on|on|on&#8220; _builder_version=&#8220;4.17.4&#8243; _module_preset=&#8220;default&#8220; width=&#8220;30%&#8220; custom_margin=&#8220;||17px|||&#8220; disabled=&#8220;on&#8220; global_colors_info=&#8220;{}&#8220;][\/et_pb_image][et_pb_text disabled_on=&#8220;on|on|on&#8220; _builder_version=&#8220;4.17.4&#8243; _module_preset=&#8220;default&#8220; link_option_url=&#8220;http:\/\/patriciaschwarzkopf.de\/wordpress\/wp-content\/uploads\/2023\/01\/Dyadenflyer_2023-1.pdf&#8220; disabled=&#8220;on&#8220; global_colors_info=&#8220;{}&#8220;]<\/p>\n<p style=\"text-align: center;\">Flyer Dyaden<br \/><em>PDF\u00a0<\/em><\/p>\n<p>[\/et_pb_text][\/et_pb_column][\/et_pb_row][\/et_pb_section][et_pb_section fb_built=&#8220;1&#8243; _builder_version=&#8220;4.17.4&#8243; _module_preset=&#8220;default&#8220; background_color=&#8220;#F1EAEA&#8220; locked=&#8220;off&#8220; global_colors_info=&#8220;{}&#8220;][et_pb_row column_structure=&#8220;1_4,1_4,1_4,1_4&#8243; _builder_version=&#8220;4.17.4&#8243; _module_preset=&#8220;default&#8220; locked=&#8220;off&#8220; global_colors_info=&#8220;{}&#8220;][et_pb_column type=&#8220;1_4&#8243; _builder_version=&#8220;4.17.4&#8243; _module_preset=&#8220;default&#8220; global_colors_info=&#8220;{}&#8220;][et_pb_image src=&#8220;http:\/\/patriciaschwarzkopf.de\/wordpress\/wp-content\/uploads\/2022\/06\/header_mbsr.jpg&#8220; title_text=&#8220;header_mbsr&#8220; url=&#8220;http:\/\/patriciaschwarzkopf.de\/wordpress\/mbsr\/&#8220; _builder_version=&#8220;4.17.4&#8243; _module_preset=&#8220;default&#8220; custom_margin=&#8220;||8px|||&#8220; global_colors_info=&#8220;{}&#8220;][\/et_pb_image][et_pb_text _builder_version=&#8220;4.17.4&#8243; _module_preset=&#8220;default&#8220; link_option_url=&#8220;http:\/\/patriciaschwarzkopf.de\/wordpress\/mbsr\/&#8220; global_colors_info=&#8220;{}&#8220;]<\/p>\n<p style=\"text-align: center;\"><em>Mindfulness-Based Stress Reduction<\/em><\/p>\n<p>[\/et_pb_text][\/et_pb_column][et_pb_column type=&#8220;1_4&#8243; _builder_version=&#8220;4.17.4&#8243; _module_preset=&#8220;default&#8220; global_colors_info=&#8220;{}&#8220;][et_pb_image src=&#8220;http:\/\/patriciaschwarzkopf.de\/wordpress\/wp-content\/uploads\/2022\/06\/header_bildung_2022.jpg&#8220; title_text=&#8220;header_bildung_2022&#8243; url=&#8220;http:\/\/patriciaschwarzkopf.de\/wordpress\/achtsamkeit\/&#8220; _builder_version=&#8220;4.17.4&#8243; _module_preset=&#8220;default&#8220; custom_margin=&#8220;||10px|||&#8220; global_colors_info=&#8220;{}&#8220;][\/et_pb_image][et_pb_text _builder_version=&#8220;4.17.4&#8243; _module_preset=&#8220;default&#8220; link_option_url=&#8220;http:\/\/patriciaschwarzkopf.de\/wordpress\/achtsamkeit\/&#8220; global_colors_info=&#8220;{}&#8220;]<\/p>\n<p style=\"text-align: center;\"><em>Achtsamkeit in Bildungseinrichtungen<\/em><\/p>\n<p>[\/et_pb_text][\/et_pb_column][et_pb_column type=&#8220;1_4&#8243; _builder_version=&#8220;4.17.4&#8243; _module_preset=&#8220;default&#8220; global_colors_info=&#8220;{}&#8220;][et_pb_image src=&#8220;http:\/\/patriciaschwarzkopf.de\/wordpress\/wp-content\/uploads\/2022\/06\/material_header_2022.png&#8220; title_text=&#8220;material_header_2022&#8243; url=&#8220;http:\/\/patriciaschwarzkopf.de\/wordpress\/material\/&#8220; _builder_version=&#8220;4.17.4&#8243; _module_preset=&#8220;default&#8220; custom_margin=&#8220;||10px|||&#8220; global_colors_info=&#8220;{}&#8220;][\/et_pb_image][et_pb_text _builder_version=&#8220;4.17.4&#8243; _module_preset=&#8220;default&#8220; link_option_url=&#8220;http:\/\/patriciaschwarzkopf.de\/wordpress\/material\/&#8220; global_colors_info=&#8220;{}&#8220;]<\/p>\n<p style=\"text-align: center;\"><em>Kursangebote und Materialien<\/em><\/p>\n<p>[\/et_pb_text][\/et_pb_column][et_pb_column type=&#8220;1_4&#8243; _builder_version=&#8220;4.17.4&#8243; _module_preset=&#8220;default&#8220; global_colors_info=&#8220;{}&#8220;][et_pb_image src=&#8220;http:\/\/patriciaschwarzkopf.de\/wordpress\/wp-content\/uploads\/2022\/06\/header_front.jpg&#8220; title_text=&#8220;header_front&#8220; url=&#8220;http:\/\/patriciaschwarzkopf.de\/wordpress\/&#8220; _builder_version=&#8220;4.17.4&#8243; _module_preset=&#8220;default&#8220; custom_margin=&#8220;||10px|||&#8220; global_colors_info=&#8220;{}&#8220;][\/et_pb_image][et_pb_text _builder_version=&#8220;4.17.4&#8243; _module_preset=&#8220;default&#8220; link_option_url=&#8220;http:\/\/patriciaschwarzkopf.de\/wordpress\/&#8220; global_colors_info=&#8220;{}&#8220;]<\/p>\n<p style=\"text-align: center;\"><em>Startseite<\/em><\/p>\n<p>[\/et_pb_text][\/et_pb_column][\/et_pb_row][et_pb_row _builder_version=&#8220;4.17.4&#8243; _module_preset=&#8220;default&#8220; global_colors_info=&#8220;{}&#8220;][et_pb_column type=&#8220;4_4&#8243; _builder_version=&#8220;4.17.4&#8243; _module_preset=&#8220;default&#8220; global_colors_info=&#8220;{}&#8220;][et_pb_text _builder_version=&#8220;4.17.4&#8243; _module_preset=&#8220;default&#8220; global_colors_info=&#8220;{}&#8220;]<\/p>\n<p style=\"text-align: center;\"><span style=\"color: #000000;\"><a href=\"mailto:mail@patriciaschwarzkopf.de\" style=\"color: #000000;\">mail@patriciaschwarzkopf.de<\/a><\/span><\/p>\n<p style=\"text-align: center;\"><a href=\"http:\/\/patriciaschwarzkopf.de\/wordpress\/impressum-datenschutz\/\"><span style=\"color: #000000;\">Impressum \/ Datenschutz<\/span><\/a><\/p>\n<p>[\/et_pb_text][\/et_pb_column][\/et_pb_row][\/et_pb_section]<\/p>\n","protected":false},"excerpt":{"rendered":"<p>Dyaden &#8211; Meditationsgespr\u00e4che inspiriert nach Forschung von Tania Singer Selbsterkundung mit Begleitung &nbsp; Dyaden sind eine Form der Achtsamkeitspraxis zu [&hellip;]<\/p>\n","protected":false},"author":4,"featured_media":0,"parent":0,"menu_order":0,"comment_status":"closed","ping_status":"closed","template":"","meta":{"_et_pb_use_builder":"on","_et_pb_old_content":"","_et_gb_content_width":""},"_links":{"self":[{"href":"http:\/\/patriciaschwarzkopf.de\/wordpress\/wp-json\/wp\/v2\/pages\/202"}],"collection":[{"href":"http:\/\/patriciaschwarzkopf.de\/wordpress\/wp-json\/wp\/v2\/pages"}],"about":[{"href":"http:\/\/patriciaschwarzkopf.de\/wordpress\/wp-json\/wp\/v2\/types\/page"}],"author":[{"embeddable":true,"href":"http:\/\/patriciaschwarzkopf.de\/wordpress\/wp-json\/wp\/v2\/users\/4"}],"replies":[{"embeddable":true,"href":"http:\/\/patriciaschwarzkopf.de\/wordpress\/wp-json\/wp\/v2\/comments?post=202"}],"version-history":[{"count":27,"href":"http:\/\/patriciaschwarzkopf.de\/wordpress\/wp-json\/wp\/v2\/pages\/202\/revisions"}],"predecessor-version":[{"id":700,"href":"http:\/\/patriciaschwarzkopf.de\/wordpress\/wp-json\/wp\/v2\/pages\/202\/revisions\/700"}],"wp:attachment":[{"href":"http:\/\/patriciaschwarzkopf.de\/wordpress\/wp-json\/wp\/v2\/media?parent=202"}],"curies":[{"name":"wp","href":"https:\/\/api.w.org\/{rel}","templated":true}]}}